 76. What is the highest common factor of c and 15?
15
Let g = 10 + -7. Let c = 53 + -13. Suppose -2*o + c = g*o. Calculate the greatest common factor of 24 and o.
8
Suppose -5*v + 6*u - u = -330, -196 = -3*v + 4*u. Suppose -69 + 18 = -3*f. What is the greatest common factor of f and v?
17
Suppose 3*f + 4*a + 120 = 7*f, 0 = -4*f + 5*a + 123. What is the highest common factor of 27 and f?
27
Let l = 9 - -1. Let i be -20*(4/2)/(-2). Calculate the greatest common factor of l and i.
10
Suppose -3*j + 839 + 181 = 0. Let d be (-4)/10 + j/(-25). Let w = 46 - d. What is the greatest common factor of 12 and w?
12
Suppose 8*r + 5*o = 3*r + 45, 4*r - 4*o - 60 = 0. What is the greatest common divisor of r and 12?
12
Suppose 8*l - 4*l = 76. Let k = 157 - 81. What is the highest common divisor of l and k?
19
Suppose m = 5*m - y - 32, 4*m = -5*y + 56. Let k be (-6 + 4 + -2)*6/(-24). Calculate the highest common factor of k and m.
1
Suppose 2*j + 2*o = 7*o + 26, -2*j + o = -26. Calculate the greatest common divisor of j and 39.
13
Let c be -40*(-3 + 5/2). Calculate the greatest common divisor of c and 60.
20
Let c = 39 + -14. Let i(d) = -d + d**2 + d**3 + 4*d**2 + 0*d. Let m be i(-5). What is the greatest common factor of m and c?
5
Let n = -13 + 15. Suppose 25 - 133 = -n*y. What is the highest common factor of y and 6?
6
Let g be (-1 - -4) + (10 - 46). Let l = -20 - g. Suppose -5*h - 305 = -5*i, -i + 4*h + h = -45. What is the greatest common divisor of l and i?
13
Suppose -15 = 2*v - 7*v. Suppose -5*d - v + 18 = 0. Suppose -5*g + 4*g = -2*t + 31, -d*t + 4*g = -54. What is the highest common factor of t and 112?
14
Let w be (-2)/(-5) - 316/(-10). Suppose 3*s - 6*s + 48 = 0. What is the greatest common factor of w and s?
16
Let s(r) = -r**3 - 4*r**2 + 2*r + 5. Let g be s(-4). Let x(c) = -2*c - 4*c - 4*c. Let k be x(g). Calculate the greatest common factor of k and 12.
6
Let o = -11 - -19. Let f(p) = 2*p**3 + 2*p**2 - 2*p. Let h be f(2). Calculate the highest common divisor of o and h.
4
Suppose 0*h - 141 = -3*h. Suppose 4*i = h + 9. Calculate the highest common divisor of i and 35.
7
Let p(x) = x**3 - 4*x**2 - 5*x + 7. Let u be p(6). What is the highest common factor of u and 7?
7
Suppose -18 = 14*a - 15*a. What is the greatest common divisor of 2 and a?
2
Let s = 8 + -3. Suppose g = -0 - s. Let w(u) = 8*u**2 + 6*u - 5. Let j be w(g). What is the greatest common divisor of 15 and j?
15
Suppose -2*w + 12 = -0. What is the greatest common factor of w and 3?
3
Let a = 124 + -36. Suppose -5*m + 72 - 131 = -4*j, -4*m - 23 = -j. Calculate the greatest common divisor of j and a.
11
Suppose -3*d = 4*s - 858, 0*d + s = 2*d - 583. Calculate the greatest common divisor of d and 29.
29
Suppose -4*i - 3*p = p - 68, -3*p = 5*i - 79. Calculate the greatest common divisor of i and 70.
14
Let z be 378/15*45/27. What is the highest common divisor of z and 70?
14
Suppose -2*b + 3*t = -18, 3 = b + 2*t + 8. Calculate the greatest common divisor of 21 and b.
3
Let r be 48/21 - (-4)/(-14). Suppose -n = 4*n + 10, 4*p + r*n = 4. Suppose 2*s = d - 13, -1 + 3 = -p*s. Calculate the highest common factor of 33 and d.
11
Let n be (-248)/(-6) - (-8)/(-24). Calculate the greatest common factor of 41 and n.
41
Let b(x) = 35*x**2 + 1. Let g(a) = -34*a**2 - 1. Let p(v) = 5*b(v) + 4*g(v). Let s be p(-1). What is the greatest common divisor of s and 8?
8
Let l be -6*(-3)/(-9)*-2. Let p(n) = 6*n - 4. Let x be p(l). What is the greatest common factor of x and 180?
20
Let w = 386 - 216. What is the highest common divisor of w and 17?
17
Let d(b) = -2*b**2 + 17*b + 6. Let g be d(8). What is the highest common divisor of 154 and g?
14
Let r = 44 + 21. Calculate the highest common factor of 13 and r.
13
Let s be 1/(-3 - 32/(-10)). Suppose 0 = 2*x - 4*f - 20, 1 = -3*f - s. What is the greatest common factor of x and 2?
2
Let q be (-14)/(-3)*(-48)/(-32). Calculate the highest common divisor of 21 and q.
7
Let r = -121 - -154. Calculate the greatest common divisor of 11 and r.
11
Let k(m) = 29*m + 59. Let u be k(9). What is the highest common divisor of 64 and u?
64
Suppose 4*f + f = 15. Calculate the highest common divisor of f and 1.
1
Let h be 2/12*-2*-66. Suppose -t + h = t. What is the highest common factor of 11 and t?
11
Let d be (0 - 1)/((-6)/258). Calculate the greatest common divisor of 301 and d.
43
Let q = -30 + 43. Let a(n) = 17*n**2 - 3*n - 1. Let t be a(3). What is the greatest common factor of t and q?
13
Let f be 44/(-6) + 2/6. Suppose 2*n - 60 = -3*n. Let o = f + n. What is the greatest common factor of o and 1?
1
Let n = 69 - -158. Suppose -67 = 2*a - n. What is the highest common factor of a and 10?
10
Let r = 12 + 33. What is the highest common divisor of r and 5?
5
Let k(a) = -a + 5. Let t be k(-1). Calculate the greatest common factor of t and 54.
6
Let n be 2/9 + 710/45. Let w be (-20 + 0)*36/(-5). What is the greatest common divisor of n and w?
16
Let z be (-2)/((-4)/30) - -1. Suppose 0 = 5*l - 106 + z. What is the greatest common factor of 72 and l?
18
Suppose 3*j + 16 - 5 = -m, -2*j - 26 = -4*m. Let d = -6 + 18. Calculate the highest common divisor of m and d.
4
Suppose -9*q + 298 - 100 = 0. Calculate the highest common factor of 2 and q.
2
Suppose 287 = 3*q - 43. What is the greatest common factor of 22 and q?
22
Suppose -4*n + 58 = -4*i + 14, -5*n + 10 = -2*i. Let x be (-162)/i - (-8)/(-10). What is the greatest common divisor of 10 and x?
10
Let o be (-1)/3 - (-38)/6. Let l be (-6)/15*(-1 + o). Let q be l/11 + 804/66. What is the highest common divisor of 8 and q?
4
Let h(x) = x**3 + 3*x**2 - 2*x - 1. Let s be h(-3). Let i = 11 - s. Let a(g) = 16*g. Let f be a(i). Calculate the highest common divisor of 12 and f.
12
Let b be ((-35)/(-1))/(0 + 1). Let c be (-3 + -4)/(2/(-4)). Calculate the highest common factor of c and b.
7
Let u(x) = x**3 + 3*x**2 - 5*x - 3. Let i(w) = -4*w + 13. Let v be i(4). Let g be u(v). What is the highest common divisor of g and 4?
4
Suppose 0 = -4*g - 3*q + 90, 0 = -3*g + 2*q + 60 + 16. What is the highest common factor of g and 8?
8
Let w be -1 + 1 + (-8 - -9). Calculate the highest common factor of 4 and w.
1
Suppose -38 = -2*x - 4*c, 0 = -x + 4*c - 7 - 4. Let r = -5 + x. Calculate the greatest common factor of 4 and r.
4
Let n(o) = -9*o + 8*o**2 + 4*o**2 + 9*o. Let f be n(1). Suppose 3*p - 4*s - 36 = p, -12 = -4*p - 4*s. Calculate the greatest common divisor of f and p.
4
Suppose -2*b = 4*d + 12, 2*b + d = 4*d - 26. Let o be (-21)/(-15) + (-6)/b. Calculate the highest common factor of o and 3.
1
Suppose -3*o + 9 + 3 = 0. Suppose -m + 4 = -3*m, o*r = -4*m + 156. Let f = r + -27. What is the highest common divisor of 7 and f?
7
Let u be (-78)/21 - (-2)/(-7). Let i(l) = -2 + 0*l + 2*l**2 - 3 + 3*l. Let j be i(u). Calculate the greatest common divisor of 3 and j.
3
Suppose -3*k - 2*n + 274 = 2*k, -5*k - 4*n + 278 = 0. Calculate the highest common divisor of k and 6.
6
Let u(w) = -10*w**3 + w**2 - 1. Let m be u(-1). Let s(b) = -4*b - 5. Let k be s(-5). Calculate the highest common factor of m and k.
5
Let b be 1/3 + 80/3. Suppose -42 = -5*w - 5*g + 23, 25 = -5*g. What is the highest common divisor of w and b?
9
Let d(o) = 111*o**2 + 1. Let p = -8 - -9. Let h be d(p). Calculate the greatest common divisor of h and 14.
14
Let k(l) = l**2 - l. Let n be k(-7). Let v = 46 + -32. Calculate the highest common divisor of v and n.
14
Suppose 2*j + 5*j = -77. Let t = 32 + j. Calculate the greatest common factor of 7 and t.
7
Let p(i) = -i**2 - i + 1. Let d(q) = 11*q**2 + 6*q - 8. Let w(f) = d(f) + 6*p(f). Let m be w(2). Calculate the greatest common factor of 162 and m.
18
Let v(p) = 8*p**3 + 2*p - 2. Let a be v(2). Let h(j) = 23*j**3 - 1. Let b be h(1). What is the highest common factor of a and b?
22
Suppose h = 5*o - 3*h - 24, h = -o + 12. Let g = -5 + o. Calculate the highest common factor of g and 21.
3
Suppose 0 = -4*c - t + 644 - 39, 3*t = -9. What is the highest common factor of 8 and c?
8
Suppose -2*l + 4*a = -98 - 22, -4*l + 4*a + 240 = 0. What is the highest common factor of 12 and l?
12
Let j be ((-2)/(-6) - 1) + 35/21. Let c = 2 - 1. What is the greatest common factor of c and j?
1
Suppose -5*x - 105 = -5*g, -x = 5*g - 112 + 25. What is the gr